{"id":268,"date":"2026-04-10T21:00:35","date_gmt":"2026-04-10T21:00:35","guid":{"rendered":"https:\/\/cezaevikontoryukleme.com.tr\/?page_id=268"},"modified":"2026-04-10T21:01:52","modified_gmt":"2026-04-10T21:01:52","slug":"yurd-disi-arama-karti","status":"publish","type":"page","link":"https:\/\/cezaevikontoryukleme.com.tr\/?page_id=268","title":{"rendered":"Yurd Di\u015fi Arama Karti"},"content":{"rendered":"\n<p>YURT DI\u015eI ARAMA KARTI \u2013 UCUZ VE KAL\u0130TEL\u0130 ULUSLARARASI<\/p>\n\n\n\n<p>Yurt d\u0131\u015f\u0131nda bulunan sevdiklerinizle uygun fiyatl\u0131 ileti\u015fim kurman\u0131n en pratik yollar\u0131ndan biri <strong>yurt d\u0131\u015f\u0131 arama kart\u0131<\/strong> kullanmakt\u0131r. \u00d6zellikle y\u00fcksek operat\u00f6r \u00fccretlerinden ka\u00e7\u0131nmak isteyen kullan\u0131c\u0131lar i\u00e7in <strong>uluslararas\u0131 arama kartlar\u0131<\/strong> b\u00fcy\u00fck avantaj sa\u011flar.<\/p>\n\n\n\n<p>G\u00fcn\u00fcm\u00fczde <strong>PIN (\u015fifre) ile \u00e7al\u0131\u015fan arama kartlar\u0131<\/strong> sayesinde, internetten h\u0131zl\u0131ca sat\u0131n alabilir ve an\u0131nda kullanmaya ba\u015flayabilirsiniz.<\/p>\n\n\n\n<hr class=\"wp-block-separator has-alpha-channel-opacity\"\/>\n\n\n\n<h1 class=\"wp-block-heading\">\ud83d\udd25 GOOGLE\u2019DA EN \u00c7OK ARANAN KEL\u0130MELER<\/h1>\n\n\n\n<ul class=\"wp-block-list\">\n<li>yurt d\u0131\u015f\u0131 arama kart\u0131<\/li>\n\n\n\n<li>uluslararas\u0131 arama kart\u0131<\/li>\n\n\n\n<li>ucuz yurtd\u0131\u015f\u0131 arama<\/li>\n\n\n\n<li>yurtd\u0131\u015f\u0131 telefon kart\u0131<\/li>\n\n\n\n<li>yurtd\u0131\u015f\u0131 konu\u015fma paketi<\/li>\n\n\n\n<li>yurtd\u0131\u015f\u0131 dakika sat\u0131n al<\/li>\n\n\n\n<li>en ucuz yurtd\u0131\u015f\u0131 arama kart\u0131<\/li>\n\n\n\n<li>yurtd\u0131\u015f\u0131 arama nas\u0131l yap\u0131l\u0131r<\/li>\n\n\n\n<li>yurtd\u0131\u015f\u0131 arama kart\u0131 fiyatlar\u0131<\/li>\n\n\n\n<li>uluslararas\u0131 telefon kart\u0131<\/li>\n<\/ul>\n\n\n\n<hr class=\"wp-block-separator has-alpha-channel-opacity\"\/>\n\n\n\n<h1 class=\"wp-block-heading\">Yurt D\u0131\u015f\u0131 Arama Kart\u0131 Nedir?<\/h1>\n\n\n\n<p>Yurt d\u0131\u015f\u0131 arama kart\u0131, farkl\u0131 \u00fclkelerde bulunan ki\u015fileri uygun fiyatlarla arayabilmek i\u00e7in kullan\u0131lan <strong>\u015fifre (PIN) tabanl\u0131 telefon kart\u0131d\u0131r.<\/strong><\/p>\n\n\n\n<p>Bu sistem sayesinde:<\/p>\n\n\n\n<p>\u2714 D\u00fc\u015f\u00fck maliyetle uluslararas\u0131 arama yap\u0131l\u0131r<br>\u2714 Sabit ve mobil numaralar aranabilir<br>\u2714 Kolay ve h\u0131zl\u0131 kullan\u0131m sa\u011flan\u0131r<\/p>\n\n\n\n<hr class=\"wp-block-separator has-alpha-channel-opacity\"\/>\n\n\n\n<h1 class=\"wp-block-heading\">Yurt D\u0131\u015f\u0131 Arama Kart\u0131 Nas\u0131l Kullan\u0131l\u0131r?<\/h1>\n\n\n\n<p>Kullan\u0131m\u0131 olduk\u00e7a basittir:<\/p>\n\n\n\n<p>1\ufe0f\u20e3 Kart veya PIN sat\u0131n al\u0131n\u0131r<br>2\ufe0f\u20e3 Eri\u015fim numaras\u0131 aran\u0131r<br>3\ufe0f\u20e3 PIN kod girilir<br>4\ufe0f\u20e3 Aranacak \u00fclke ve numara tu\u015flan\u0131r<\/p>\n\n\n\n<p>\u2714 An\u0131nda kullan\u0131m<br>\u2714 Ek kurulum gerekmez<\/p>\n\n\n\n<hr class=\"wp-block-separator has-alpha-channel-opacity\"\/>\n\n\n\n<h1 class=\"wp-block-heading\">Yurt D\u0131\u015f\u0131 Arama Kart\u0131 Nas\u0131l Sat\u0131n Al\u0131n\u0131r?<\/h1>\n\n\n\n<p>Online olarak kolayca sat\u0131n al\u0131nabilir:<\/p>\n\n\n\n<ul class=\"wp-block-list\">\n<li>Paket se\u00e7<\/li>\n\n\n\n<li>\u00d6deme yap<\/li>\n\n\n\n<li>PIN kodu al<\/li>\n\n\n\n<li>Hemen kullan<\/li>\n<\/ul>\n\n\n\n<p>\u23f1\ufe0f Teslim s\u00fcresi: <strong>an\u0131nda \u2013 5 dakika<\/strong><\/p>\n\n\n\n<hr class=\"wp-block-separator has-alpha-channel-opacity\"\/>\n\n\n\n<h1 class=\"wp-block-heading\">Yurt D\u0131\u015f\u0131 Arama Kart\u0131 Avantajlar\u0131<\/h1>\n\n\n\n<p>\u2714 Uygun fiyatl\u0131 g\u00f6r\u00fc\u015fme<br>\u2714 Sabit \u00fccret yok<br>\u2714 \u015eifre ile kolay kullan\u0131m<br>\u2714 Operat\u00f6re ba\u011fl\u0131 kalmaz<br>\u2714 H\u0131zl\u0131 ba\u011flant\u0131<\/p>\n\n\n\n<hr class=\"wp-block-separator has-alpha-channel-opacity\"\/>\n\n\n\n<h1 class=\"wp-block-heading\">En Ucuz Yurt D\u0131\u015f\u0131 Arama Nas\u0131l Yap\u0131l\u0131r?<\/h1>\n\n\n\n<p>En uygun fiyatl\u0131 g\u00f6r\u00fc\u015fme i\u00e7in:<\/p>\n\n\n\n<ul class=\"wp-block-list\">\n<li>PIN sistemli kart kullan<\/li>\n\n\n\n<li>Y\u00fcksek dakika paketleri tercih et<\/li>\n\n\n\n<li>G\u00fcvenilir platformlardan sat\u0131n al<\/li>\n<\/ul>\n\n\n\n<hr class=\"wp-block-separator has-alpha-channel-opacity\"\/>\n\n\n\n<h1 class=\"wp-block-heading\">Hangi \u00dclkeler Aranabilir?<\/h1>\n\n\n\n<p>Yurt d\u0131\u015f\u0131 arama kartlar\u0131 ile:<\/p>\n\n\n\n<ul class=\"wp-block-list\">\n<li>Almanya<\/li>\n\n\n\n<li>Hollanda<\/li>\n\n\n\n<li>Fransa<\/li>\n\n\n\n<li>\u0130ngiltere<\/li>\n\n\n\n<li>ABD<\/li>\n\n\n\n<li>T\u00fcm Avrupa \u00fclkeleri<\/li>\n<\/ul>\n\n\n\n<p>ve bir\u00e7ok \u00fclke uygun fiyatlarla aranabilir.<\/p>\n\n\n\n<hr class=\"wp-block-separator has-alpha-channel-opacity\"\/>\n\n\n\n<h1 class=\"wp-block-heading\">Yurt D\u0131\u015f\u0131 Arama Kart\u0131 Fiyatlar\u0131<\/h1>\n\n\n\n<p>Fiyatlar dakika paketine g\u00f6re de\u011fi\u015fir:<\/p>\n\n\n\n<ul class=\"wp-block-list\">\n<li>D\u00fc\u015f\u00fck paket \u2192 k\u0131sa s\u00fcreli kullan\u0131m<\/li>\n\n\n\n<li>Y\u00fcksek paket \u2192 daha avantajl\u0131 fiyat<\/li>\n<\/ul>\n\n\n\n<hr class=\"wp-block-separator has-alpha-channel-opacity\"\/>\n\n\n\n<h1 class=\"wp-block-heading\">PIN Sisteminin Avantaj\u0131<\/h1>\n\n\n\n<p>\u2714 H\u0131zl\u0131 kullan\u0131m<br>\u2714 G\u00fcvenli sistem<br>\u2714 Ek bilgi gerektirmez<br>\u2714 Her yerden eri\u015fim<\/p>\n\n\n\n<hr class=\"wp-block-separator has-alpha-channel-opacity\"\/>\n\n\n\n<h1 class=\"wp-block-heading\">Yurt D\u0131\u015f\u0131 Arama Kart\u0131 G\u00fcvenli mi?<\/h1>\n\n\n\n<p>Evet, g\u00fcvenilir platformlardan al\u0131nd\u0131\u011f\u0131nda tamamen g\u00fcvenlidir.<\/p>\n\n\n\n<p>\u2714 \u015eifreli kullan\u0131m<br>\u2714 G\u00fcvenli \u00f6deme<br>\u2714 Veri koruma<\/p>\n\n\n\n<hr class=\"wp-block-separator has-alpha-channel-opacity\"\/>\n\n\n\n<h1 class=\"wp-block-heading\">SIK SORULAN SORULAR (SEO SORU CEVAP)<\/h1>\n\n\n\n<h2 class=\"wp-block-heading\">Yurt d\u0131\u015f\u0131 arama kart\u0131 nedir?<\/h2>\n\n\n\n<p>Uluslararas\u0131 telefon g\u00f6r\u00fc\u015fmesi yapmak i\u00e7in kullan\u0131lan PIN kodlu kartt\u0131r.<\/p>\n\n\n\n<hr class=\"wp-block-separator has-alpha-channel-opacity\"\/>\n\n\n\n<h2 class=\"wp-block-heading\">Yurt d\u0131\u015f\u0131 arama kart\u0131 nas\u0131l kullan\u0131l\u0131r?<\/h2>\n\n\n\n<p>Eri\u015fim numaras\u0131 aran\u0131r, PIN girilir ve arama yap\u0131l\u0131r.<\/p>\n\n\n\n<hr class=\"wp-block-separator has-alpha-channel-opacity\"\/>\n\n\n\n<h2 class=\"wp-block-heading\">PIN ne kadar s\u00fcrede gelir?<\/h2>\n\n\n\n<p>Genellikle an\u0131nda veya 5 dakika i\u00e7inde teslim edilir.<\/p>\n\n\n\n<hr class=\"wp-block-separator has-alpha-channel-opacity\"\/>\n\n\n\n<h2 class=\"wp-block-heading\">Hangi \u00fclkeler aranabilir?<\/h2>\n\n\n\n<p>Avrupa, Amerika ve bir\u00e7ok \u00fclke aranabilir.<\/p>\n\n\n\n<hr class=\"wp-block-separator has-alpha-channel-opacity\"\/>\n\n\n\n<h2 class=\"wp-block-heading\">Yurt d\u0131\u015f\u0131 arama kart\u0131 avantajl\u0131 m\u0131?<\/h2>\n\n\n\n<p>Evet, operat\u00f6rlere g\u00f6re \u00e7ok daha ucuzdur.<\/p>\n\n\n\n<hr class=\"wp-block-separator has-alpha-channel-opacity\"\/>\n\n\n\n<h2 class=\"wp-block-heading\">G\u00fcvenli mi?<\/h2>\n\n\n\n<p>Evet, g\u00fcvenilir sitelerden al\u0131nd\u0131\u011f\u0131nda g\u00fcvenlidir.<\/p>\n\n\n\n<hr class=\"wp-block-separator has-alpha-channel-opacity\"\/>\n\n\n\n<h1 class=\"wp-block-heading\">SONU\u00c7 \u2013 HEMEN YURT DI\u015eI ARAMA BA\u015eLAT<\/h1>\n\n\n\n<p>Yurt d\u0131\u015f\u0131 arama kart\u0131 ile sevdiklerinizle uygun fiyatl\u0131 ve kesintisiz ileti\u015fim kurabilirsiniz.<\/p>\n\n\n\n<p>\ud83d\udc49 Hemen sat\u0131n al, an\u0131nda kullan!<\/p>\n\n\n\n<p>\u2714 5 dakika i\u00e7inde teslim<br>\u2714 PIN ile kolay kullan\u0131m<br>\u2714 Uygun fiyat garantisi<\/p>\n\n\n\n<hr class=\"wp-block-separator has-alpha-channel-opacity\"\/>\n\n\n\n<h1 class=\"wp-block-heading\">\ud83d\udd25 GOOGLE UYUMLU SEO BA\u015eLIKLAR<\/h1>\n\n\n\n<ul class=\"wp-block-list\">\n<li>Yurt D\u0131\u015f\u0131 Arama Kart\u0131<\/li>\n\n\n\n<li>Uluslararas\u0131 Telefon Kart\u0131<\/li>\n\n\n\n<li>Yurtd\u0131\u015f\u0131 Dakika Sat\u0131n Al<\/li>\n\n\n\n<li>En Ucuz Yurtd\u0131\u015f\u0131 Arama<\/li>\n\n\n\n<li>Yurtd\u0131\u015f\u0131 Telefon Kart\u0131<\/li>\n\n\n\n<li>Yurtd\u0131\u015f\u0131 Konu\u015fma Paketi<\/li>\n\n\n\n<li>Uluslararas\u0131 Arama Kart\u0131<\/li>\n\n\n\n<li>Yurtd\u0131\u015f\u0131 Arama Fiyatlar\u0131<\/li>\n\n\n\n<li>Yurtd\u0131\u015f\u0131 PIN Sat\u0131n Al<\/li>\n\n\n\n<li>Ucuz Yurtd\u0131\u015f\u0131 Arama<\/li>\n<\/ul>\n\n\n\n<p><\/p>\n","protected":false},"excerpt":{"rendered":"<p>YURT DI\u015eI ARAMA KARTI \u2013 UCUZ VE KAL\u0130TEL\u0130 ULUSLARARASI Yurt d\u0131\u015f\u0131nda bulunan sevdiklerinizle uygun fiyatl\u0131 ileti\u015fim kurman\u0131n en pratik yollar\u0131ndan biri yurt d\u0131\u015f\u0131 arama kart\u0131 kullanmakt\u0131r. \u00d6zellikle y\u00fcksek operat\u00f6r \u00fccretlerinden ka\u00e7\u0131nmak isteyen kullan\u0131c\u0131lar i\u00e7in uluslararas\u0131 arama kartlar\u0131 b\u00fcy\u00fck avantaj sa\u011flar. G\u00fcn\u00fcm\u00fczde PIN (\u015fifre) ile \u00e7al\u0131\u015fan arama kartlar\u0131 sayesinde, internetten h\u0131zl\u0131ca sat\u0131n alabilir ve an\u0131nda kullanmaya [&hellip;]<\/p>\n","protected":false},"author":1,"featured_media":0,"parent":0,"menu_order":0,"comment_status":"closed","ping_status":"closed","template":"","meta":{"footnotes":""},"class_list":["post-268","page","type-page","status-publish","hentry"],"_links":{"self":[{"href":"https:\/\/cezaevikontoryukleme.com.tr\/index.php?rest_route=\/wp\/v2\/pages\/268","targetHints":{"allow":["GET"]}}],"collection":[{"href":"https:\/\/cezaevikontoryukleme.com.tr\/index.php?rest_route=\/wp\/v2\/pages"}],"about":[{"href":"https:\/\/cezaevikontoryukleme.com.tr\/index.php?rest_route=\/wp\/v2\/types\/page"}],"author":[{"embeddable":true,"href":"https:\/\/cezaevikontoryukleme.com.tr\/index.php?rest_route=\/wp\/v2\/users\/1"}],"replies":[{"embeddable":true,"href":"https:\/\/cezaevikontoryukleme.com.tr\/index.php?rest_route=%2Fwp%2Fv2%2Fcomments&post=268"}],"version-history":[{"count":2,"href":"https:\/\/cezaevikontoryukleme.com.tr\/index.php?rest_route=\/wp\/v2\/pages\/268\/revisions"}],"predecessor-version":[{"id":272,"href":"https:\/\/cezaevikontoryukleme.com.tr\/index.php?rest_route=\/wp\/v2\/pages\/268\/revisions\/272"}],"wp:attachment":[{"href":"https:\/\/cezaevikontoryukleme.com.tr\/index.php?rest_route=%2Fwp%2Fv2%2Fmedia&parent=268"}],"curies":[{"name":"wp","href":"https:\/\/api.w.org\/{rel}","templated":true}]}}